{"id":297,"date":"2017-10-20T02:44:03","date_gmt":"2017-10-20T02:44:03","guid":{"rendered":"http:\/\/localhost\/chileenunacaja\/?page_id=45"},"modified":"2018-01-24T19:09:37","modified_gmt":"2018-01-24T19:09:37","slug":"nosotros","status":"publish","type":"page","link":"https:\/\/chileenunacaja.cl\/inicio\/nosotros\/","title":{"rendered":"Nosotros"},"content":{"rendered":"<p>[et_pb_section bb_built=&#8221;1&#8243; admin_label=&#8221;section&#8221; background_image=&#8221;https:\/\/chileenunacaja.cl\/wp-content\/uploads\/2017\/10\/top-madera-oscura.jpg&#8221; transparent_background=&#8221;off&#8221; parallax=&#8221;on&#8221; custom_padding=&#8221;40px||40px|&#8221; _builder_version=&#8221;3.0.85&#8243; background_color=&#8221;#ffffff&#8221;][et_pb_row admin_label=&#8221;row&#8221; make_fullwidth=&#8221;off&#8221; use_custom_width=&#8221;off&#8221; width_unit=&#8221;on&#8221; use_custom_gutter=&#8221;off&#8221; allow_player_pause=&#8221;off&#8221; parallax=&#8221;on&#8221; parallax_method=&#8221;on&#8221; make_equal=&#8221;off&#8221; background_position=&#8221;top_left&#8221; background_repeat=&#8221;repeat&#8221; background_size=&#8221;initial&#8221;][et_pb_column type=&#8221;4_4&#8243;][et_pb_text background_layout=&#8221;light&#8221; _builder_version=&#8221;3.0.85&#8243;]<\/p>\n<h1><span style=\"color: #ffffff;\">Nosotros<\/span><\/h1>\n<p>[\/et_pb_text][\/et_pb_column][\/et_pb_row][\/et_pb_section][et_pb_section bb_built=&#8221;1&#8243; fullwidth=&#8221;off&#8221; specialty=&#8221;off&#8221; transparent_background=&#8221;off&#8221; allow_player_pause=&#8221;off&#8221; inner_shadow=&#8221;off&#8221; parallax=&#8221;on&#8221; parallax_method=&#8221;on&#8221; custom_padding=&#8221;30px|||&#8221; make_fullwidth=&#8221;off&#8221; use_custom_width=&#8221;off&#8221; width_unit=&#8221;on&#8221; make_equal=&#8221;off&#8221; use_custom_gutter=&#8221;off&#8221;][et_pb_row][et_pb_column type=&#8221;3_4&#8243;][et_pb_text _builder_version=&#8221;3.0.85&#8243; background_layout=&#8221;light&#8221;]<\/p>\n<p><strong>Chile en una Caja<\/strong> es una empresa que ofrece regalos corporativos originales, creativos, que permiten experimentar la sensaci\u00f3n de recibir un pedacito de Chile a trav\u00e9s de un obsequio.<\/p>\n<p>Nuestros regalos corporativos est\u00e1n pensados como una alternativa diferente para las empresas que desean realizar un presente a sus visitas extranjeras, a sus clientes o aquellas que quieren reconocer a su personal.<\/p>\n<p>Ofrecemos regalos personalizados para ocasiones especiales (D\u00eda de la Mujer, D\u00eda de la Madre, D\u00eda del Padre, D\u00eda de la Secretaria, Fiestas Patrias, Navidad), Congresos, Cursos y Seminarios, Visitas Extranjeras, Aniversarios de empresa, etc.<\/p>\n<p>Nuestras Cajas rescatan la esencia de chile a trav\u00e9s de sabores, im\u00e1genes, artesan\u00edas, dise\u00f1o, entre otros. Son personalizadas con el logo de la empresa e incluyen una tarjeta de saludo.<\/p>\n<p>[\/et_pb_text][et_pb_image _builder_version=&#8221;3.0.85&#8243; src=&#8221;https:\/\/chileenunacaja.cl\/wp-content\/uploads\/2017\/10\/nosotros-productos2.jpg&#8221; show_in_lightbox=&#8221;off&#8221; url_new_window=&#8221;off&#8221; use_overlay=&#8221;off&#8221; always_center_on_mobile=&#8221;on&#8221; force_fullwidth=&#8221;off&#8221; show_bottom_space=&#8221;on&#8221; custom_padding=&#8221;||50px|&#8221; \/][et_pb_text _builder_version=&#8221;3.0.85&#8243; background_layout=&#8221;light&#8221;]<\/p>\n<p><strong>Chile en una Caja<\/strong> en cada uno de sus regalos corporativos potencia el trabajo de cientos de artesanos de distintos lugares de nuestro pa\u00eds, quienes a trav\u00e9s de su trabajo rescatan las tradiciones y cultura de cada rinc\u00f3n de nuestro nuestra tierra.<\/p>\n<p>Este negocio parte de la base de la inclusividad, trabajando directamente con artesanos de distintos lugares de Chile, microempresarios, artistas y personas con discapacidad. Adem\u00e1s nuestros proveedores de cajas artesanos de zonas aisladas del sur de nuestro pa\u00eds.<\/p>\n<p>Adem\u00e1s trabajamos con microempresarios del rubro gourmet y con personas con discapacidad, quienes realizan trabajos dentro de la l\u00ednea de producci\u00f3n, potenciando la inserci\u00f3n laboral.<\/p>\n<p>Muchas empresas hoy en d\u00eda han asumido el compromiso social y se han atrevido con esta alternativa original, contribuyendo directamente al desarrollo de todos los actores nombrados anteriormente.<\/p>\n<p>[\/et_pb_text][et_pb_image _builder_version=&#8221;3.0.85&#8243; src=&#8221;https:\/\/chileenunacaja.cl\/wp-content\/uploads\/2017\/10\/artesanos.jpg&#8221; show_in_lightbox=&#8221;off&#8221; url_new_window=&#8221;off&#8221; use_overlay=&#8221;off&#8221; always_center_on_mobile=&#8221;on&#8221; force_fullwidth=&#8221;off&#8221; show_bottom_space=&#8221;on&#8221; custom_margin=&#8221;40px||80px|&#8221; \/][\/et_pb_column][et_pb_column type=&#8221;1_4&#8243;][et_pb_sidebar orientation=&#8221;right&#8221; area=&#8221;sidebar-1&#8243; background_layout=&#8221;light&#8221; remove_border=&#8221;off&#8221; show_border=&#8221;on&#8221; \/][\/et_pb_column][\/et_pb_row][\/et_pb_section]<\/p>\n","protected":false},"excerpt":{"rendered":"<p>[et_pb_section bb_built=&#8221;1&#8243; admin_label=&#8221;section&#8221; background_image=&#8221;https:\/\/chileenunacaja.cl\/wp-content\/uploads\/2017\/10\/top-madera-oscura.jpg&#8221; transparent_background=&#8221;off&#8221; parallax=&#8221;on&#8221; custom_padding=&#8221;40px||40px|&#8221; _builder_version=&#8221;3.0.85&#8243; background_color=&#8221;#ffffff&#8221;][et_pb_row admin_label=&#8221;row&#8221; make_fullwidth=&#8221;off&#8221; use_custom_width=&#8221;off&#8221; width_unit=&#8221;on&#8221; use_custom_gutter=&#8221;off&#8221; allow_player_pause=&#8221;off&#8221; parallax=&#8221;on&#8221; parallax_method=&#8221;on&#8221; make_equal=&#8221;off&#8221; background_position=&#8221;top_left&#8221; background_repeat=&#8221;repeat&#8221; background_size=&#8221;initial&#8221;][et_pb_column type=&#8221;4_4&#8243;][et_pb_text background_layout=&#8221;light&#8221; _builder_version=&#8221;3.0.85&#8243;] Nosotros [\/et_pb_text][\/et_pb_column][\/et_pb_row][\/et_pb_section][et_pb_section bb_built=&#8221;1&#8243; fullwidth=&#8221;off&#8221; specialty=&#8221;off&#8221; transparent_background=&#8221;off&#8221; allow_player_pause=&#8221;off&#8221; inner_shadow=&#8221;off&#8221; parallax=&#8221;on&#8221; parallax_method=&#8221;on&#8221; custom_padding=&#8221;30px|||&#8221; make_fullwidth=&#8221;off&#8221; use_custom_width=&#8221;off&#8221; width_unit=&#8221;on&#8221; make_equal=&#8221;off&#8221; use_custom_gutter=&#8221;off&#8221;][et_pb_row][et_pb_column type=&#8221;3_4&#8243;][et_pb_text _builder_version=&#8221;3.0.85&#8243; background_layout=&#8221;light&#8221;] Chile en una Caja es una empresa que ofrece regalos corporativos originales, [&hellip;]<\/p>\n","protected":false},"author":1,"featured_media":0,"parent":0,"menu_order":0,"comment_status":"closed","ping_status":"closed","template":"","meta":{"_et_pb_use_builder":"on","_et_pb_old_content":"","footnotes":""},"class_list":["post-297","page","type-page","status-publish","hentry"],"_links":{"self":[{"href":"https:\/\/chileenunacaja.cl\/inicio\/wp-json\/wp\/v2\/pages\/297","targetHints":{"allow":["GET"]}}],"collection":[{"href":"https:\/\/chileenunacaja.cl\/inicio\/wp-json\/wp\/v2\/pages"}],"about":[{"href":"https:\/\/chileenunacaja.cl\/inicio\/wp-json\/wp\/v2\/types\/page"}],"author":[{"embeddable":true,"href":"https:\/\/chileenunacaja.cl\/inicio\/wp-json\/wp\/v2\/users\/1"}],"replies":[{"embeddable":true,"href":"https:\/\/chileenunacaja.cl\/inicio\/wp-json\/wp\/v2\/comments?post=297"}],"version-history":[{"count":0,"href":"https:\/\/chileenunacaja.cl\/inicio\/wp-json\/wp\/v2\/pages\/297\/revisions"}],"wp:attachment":[{"href":"https:\/\/chileenunacaja.cl\/inicio\/wp-json\/wp\/v2\/media?parent=297"}],"curies":[{"name":"wp","href":"https:\/\/api.w.org\/{rel}","templated":true}]}}