{"id":1409,"date":"2018-03-05T23:42:52","date_gmt":"2018-03-05T23:42:52","guid":{"rendered":"https:\/\/chileenunacaja.cl\/?post_type=product&#038;p=1409"},"modified":"2024-03-08T17:10:40","modified_gmt":"2024-03-08T17:10:40","slug":"cacharro-greda-cultura-tehuelche","status":"publish","type":"product","link":"https:\/\/chileenunacaja.cl\/inicio\/producto\/cacharro-greda-cultura-tehuelche\/","title":{"rendered":"Cacharro Greda Cultura Tehuelche *EXNOST002"},"content":{"rendered":"<p>Regalo que se compone de un cacharro de greda, r\u00e9plica de la cultura Tehuelche, realizado por artesanos en Ays\u00e9n, en caja de madera de Raul\u00ed y tarjeta explicativa.<\/p>\n<p>Incluye logo de la empresa.<\/p>\n","protected":false},"excerpt":{"rendered":"<p><strong>COD: *EXNOST002<\/strong><\/p>\n<p>Barco pesquero pintado a mano en caja de madera.<\/p>\n<h6><strong>Precios en base a 1 unidad.<\/strong> Descuentos por 10, 30, 50, 100 unidades. Precios no incluyen IVA.\u00a0<em><a href=\"https:\/\/chileenunacaja.cl\/tabla-de-descuentos\/\"><strong>Ver<\/strong> <strong>tabla de descuentos.\u00a0<\/strong><\/a><\/em><\/h6>\n<p>&nbsp;<\/p>\n","protected":false},"featured_media":1396,"template":"","meta":{"_et_pb_use_builder":"","_et_pb_old_content":""},"class_list":["post-1409","product","type-product","status-publish","has-post-thumbnail","hentry","product_cat-nostalgicos","product_cat-nostalgicos-log"],"_links":{"self":[{"href":"https:\/\/chileenunacaja.cl\/inicio\/wp-json\/wp\/v2\/product\/1409","targetHints":{"allow":["GET"]}}],"collection":[{"href":"https:\/\/chileenunacaja.cl\/inicio\/wp-json\/wp\/v2\/product"}],"about":[{"href":"https:\/\/chileenunacaja.cl\/inicio\/wp-json\/wp\/v2\/types\/product"}],"wp:featuredmedia":[{"embeddable":true,"href":"https:\/\/chileenunacaja.cl\/inicio\/wp-json\/wp\/v2\/media\/1396"}],"wp:attachment":[{"href":"https:\/\/chileenunacaja.cl\/inicio\/wp-json\/wp\/v2\/media?parent=1409"}],"curies":[{"name":"wp","href":"https:\/\/api.w.org\/{rel}","templated":true}]}}