{"id":1414,"date":"2018-03-06T00:34:48","date_gmt":"2018-03-06T00:34:48","guid":{"rendered":"https:\/\/chileenunacaja.cl\/?post_type=product&#038;p=1414"},"modified":"2025-11-06T15:20:20","modified_gmt":"2025-11-06T15:20:20","slug":"telar-mediano-enmarcado","status":"publish","type":"product","link":"https:\/\/chileenunacaja.cl\/inicio\/producto\/telar-mediano-enmarcado\/","title":{"rendered":"Telar mediano enmarcado *EXINED006"},"content":{"rendered":"<p>Telar fabricado con lana de oveja y manila, fibra t\u00edpica de la isla de Chilo\u00e9, fabricado por artesanos de la regi\u00f3n de los Lagos.<\/p>\n<p>Se encuentra enmarcado entre vidrios con borde de raul\u00ed.<\/p>\n<p>Medidas 45*45 cm. Presentaci\u00f3n en papel caf\u00e9.<\/p>\n<p>Incluye logo de la empresa y tarjeta de saludo.<\/p>\n","protected":false},"excerpt":{"rendered":"<p><strong>COD: *EXINED006<\/strong><\/p>\n<p>Telar fabricado con lana de oveja y manila, enmarcado entre vidrios.<\/p>\n<h6><strong>Precios en base a 1 unidad.<\/strong> Descuentos por 10, 30, 50, 100 unidades. Precios no incluyen IVA.\u00a0<em><a href=\"https:\/\/chileenunacaja.cl\/tabla-de-descuentos\/\"><strong>Ver<\/strong> <strong>tabla de descuentos.\u00a0<\/strong><\/a><\/em><\/h6>\n<p>&nbsp;<\/p>\n","protected":false},"featured_media":1399,"template":"","meta":{"_et_pb_use_builder":"","_et_pb_old_content":""},"class_list":["post-1414","product","type-product","status-publish","has-post-thumbnail","hentry","product_cat-ineditos","product_cat-ineditos-log"],"_links":{"self":[{"href":"https:\/\/chileenunacaja.cl\/inicio\/wp-json\/wp\/v2\/product\/1414","targetHints":{"allow":["GET"]}}],"collection":[{"href":"https:\/\/chileenunacaja.cl\/inicio\/wp-json\/wp\/v2\/product"}],"about":[{"href":"https:\/\/chileenunacaja.cl\/inicio\/wp-json\/wp\/v2\/types\/product"}],"wp:featuredmedia":[{"embeddable":true,"href":"https:\/\/chileenunacaja.cl\/inicio\/wp-json\/wp\/v2\/media\/1399"}],"wp:attachment":[{"href":"https:\/\/chileenunacaja.cl\/inicio\/wp-json\/wp\/v2\/media?parent=1414"}],"curies":[{"name":"wp","href":"https:\/\/api.w.org\/{rel}","templated":true}]}}