{"id":1511,"date":"2018-03-14T15:07:03","date_gmt":"2018-03-14T15:07:03","guid":{"rendered":"https:\/\/chileenunacaja.cl\/?post_type=product&#038;p=1511"},"modified":"2025-08-13T21:35:05","modified_gmt":"2025-08-13T21:35:05","slug":"marcalibros-cobre-imagenes-de-chile","status":"publish","type":"product","link":"https:\/\/chileenunacaja.cl\/inicio\/producto\/marcalibros-cobre-imagenes-de-chile\/","title":{"rendered":"Marcalibros cobre im\u00e1genes de Chile *CORCOB018"},"content":{"rendered":"<p>Marcador de cart\u00f3n con l\u00e1mina de cobre pintada con im\u00e1genes de Chile.<\/p>\n<p>Realizado por artesanos de la regi\u00f3n de la Aracuan\u00eda<\/p>\n<p>Posee\u00a0 logo de la empresa grabado en l\u00e1ser.<\/p>\n<p>Presentaci\u00f3n en sobre de papel.<\/p>\n<p>Incluye Tarjeta.<\/p>\n","protected":false},"excerpt":{"rendered":"<p><strong>COD: *CORCOB018<\/strong><\/p>\n<p>Marcalibros de cart\u00f3n con l\u00e1mina de cobre pintada con im\u00e1genes de Chile.<\/p>\n<h6><strong>Precios en base a 30 unidades.<\/strong> Descuentos por 50, 100, 300 y 500 unidades. Precios no incluyen IVA.\u00a0<em><a href=\"https:\/\/chileenunacaja.cl\/tabla-de-descuentos\/\"><strong>Ver<\/strong> <strong>tabla de descuentos.\u00a0<\/strong><\/a><\/em><\/h6>\n<p>&nbsp;<\/p>\n","protected":false},"featured_media":1512,"template":"","meta":{"_et_pb_use_builder":"","_et_pb_old_content":""},"class_list":["post-1511","product","type-product","status-publish","has-post-thumbnail","hentry","product_cat-cobre"],"_links":{"self":[{"href":"https:\/\/chileenunacaja.cl\/inicio\/wp-json\/wp\/v2\/product\/1511","targetHints":{"allow":["GET"]}}],"collection":[{"href":"https:\/\/chileenunacaja.cl\/inicio\/wp-json\/wp\/v2\/product"}],"about":[{"href":"https:\/\/chileenunacaja.cl\/inicio\/wp-json\/wp\/v2\/types\/product"}],"wp:featuredmedia":[{"embeddable":true,"href":"https:\/\/chileenunacaja.cl\/inicio\/wp-json\/wp\/v2\/media\/1512"}],"wp:attachment":[{"href":"https:\/\/chileenunacaja.cl\/inicio\/wp-json\/wp\/v2\/media?parent=1511"}],"curies":[{"name":"wp","href":"https:\/\/api.w.org\/{rel}","templated":true}]}}