{"id":1845,"date":"2018-05-22T16:14:31","date_gmt":"2018-05-22T16:14:31","guid":{"rendered":"https:\/\/chileenunacaja.cl\/?post_type=product&#038;p=1845"},"modified":"2019-06-19T16:34:21","modified_gmt":"2019-06-19T16:34:21","slug":"bolsa-con-cafe-y-calugas-2","status":"publish","type":"product","link":"https:\/\/chileenunacaja.cl\/inicio\/producto\/bolsa-con-cafe-y-calugas-2\/","title":{"rendered":"Bolsa con caf\u00e9 y calugas *CORHIE032"},"content":{"rendered":"<p>Set compuesto de 3 bolsas de t\u00e9 Dilma variedades\u00a0 y 3 bolsitas de caf\u00e9 Cabrales. M\u00e1s 5 deliciosas calugas de mi campo.<\/p>\n<p>Presentaci\u00f3n en sobre de papel kraft con mensaje del d\u00eda del padre.<\/p>\n","protected":false},"excerpt":{"rendered":"<p>Set compuesto de 3 bolsas de t\u00e9, 3 bolsitas de caf\u00e9, m\u00e1s 5 calugas.<\/p>\n<h6><strong>Precios en base a 30 unidades.<\/strong> Descuentos por 50, 100, 300 y 500 unidades. Precios no incluyen IVA.\u00a0<em><a href=\"https:\/\/chileenunacaja.cl\/tabla-de-descuentos\/\"><strong>Ver<\/strong> <strong>tabla de descuentos.\u00a0<\/strong><\/a><\/em><\/h6>\n","protected":false},"featured_media":1846,"template":"","meta":{"_et_pb_use_builder":"","_et_pb_old_content":""},"class_list":["post-1845","product","type-product","status-publish","has-post-thumbnail","hentry","product_cat-gourmet"],"_links":{"self":[{"href":"https:\/\/chileenunacaja.cl\/inicio\/wp-json\/wp\/v2\/product\/1845","targetHints":{"allow":["GET"]}}],"collection":[{"href":"https:\/\/chileenunacaja.cl\/inicio\/wp-json\/wp\/v2\/product"}],"about":[{"href":"https:\/\/chileenunacaja.cl\/inicio\/wp-json\/wp\/v2\/types\/product"}],"wp:featuredmedia":[{"embeddable":true,"href":"https:\/\/chileenunacaja.cl\/inicio\/wp-json\/wp\/v2\/media\/1846"}],"wp:attachment":[{"href":"https:\/\/chileenunacaja.cl\/inicio\/wp-json\/wp\/v2\/media?parent=1845"}],"curies":[{"name":"wp","href":"https:\/\/api.w.org\/{rel}","templated":true}]}}