{"id":2177,"date":"2018-08-14T13:12:46","date_gmt":"2018-08-14T13:12:46","guid":{"rendered":"https:\/\/chileenunacaja.cl\/?post_type=product&#038;p=2177"},"modified":"2025-09-22T13:31:45","modified_gmt":"2025-09-22T13:31:45","slug":"pocillo-y-tabla-de-madera-con-sal-cahuil-cod-corgou098","status":"publish","type":"product","link":"https:\/\/chileenunacaja.cl\/inicio\/producto\/pocillo-y-tabla-de-madera-con-sal-cahuil-cod-corgou098\/","title":{"rendered":"Pocillo y tabla de madera con sal C\u00e1huil COD: *CORGOU098"},"content":{"rendered":"<p>Pocillo, cucharita y tabla peque\u00f1a de madera realizados por artesanos de la Regi\u00f3n de la Araucan\u00eda.<\/p>\n<p>+ 1\u00a0 saco de Sal de Mar de Cahuil 200 gramos (MOLIDA FINA), es un noble y milenario producto extra\u00eddo artesanalmente con las mismas t\u00e9cnicas usadas en \u00e9pocas prehisp\u00e1nicas. 100% natural.<\/p>\n<p>Incluye logo de la empresa grabado en uno de los art\u00edculos de madera.<\/p>\n<p>Presentaci\u00f3n en\u00a0 caja negra. Incluye tarjeta fiestas patrias con saludo y logo de empresa.<\/p>\n","protected":false},"excerpt":{"rendered":"<p>Pocillo, cucharita y tabla peque\u00f1a de madera \u00a0+ 1\u00a0 saco de Sal de Mar de Cahuil 200 gramos.<\/p>\n<h6><strong>Precios en base a 30 unidades.<\/strong> Descuentos por 50, 100, 300 y 500 unidades. Precios no incluyen IVA.\u00a0<em><a href=\"https:\/\/chileenunacaja.cl\/tabla-de-descuentos\/\"><strong>Ver<\/strong> <strong>tabla de descuentos.\u00a0<\/strong><\/a><\/em><\/h6>\n","protected":false},"featured_media":8005,"template":"","meta":{"_et_pb_use_builder":"","_et_pb_old_content":""},"class_list":["post-2177","product","type-product","status-publish","has-post-thumbnail","hentry","product_cat-gourmet","product_cat-madera"],"_links":{"self":[{"href":"https:\/\/chileenunacaja.cl\/inicio\/wp-json\/wp\/v2\/product\/2177","targetHints":{"allow":["GET"]}}],"collection":[{"href":"https:\/\/chileenunacaja.cl\/inicio\/wp-json\/wp\/v2\/product"}],"about":[{"href":"https:\/\/chileenunacaja.cl\/inicio\/wp-json\/wp\/v2\/types\/product"}],"wp:featuredmedia":[{"embeddable":true,"href":"https:\/\/chileenunacaja.cl\/inicio\/wp-json\/wp\/v2\/media\/8005"}],"wp:attachment":[{"href":"https:\/\/chileenunacaja.cl\/inicio\/wp-json\/wp\/v2\/media?parent=2177"}],"curies":[{"name":"wp","href":"https:\/\/api.w.org\/{rel}","templated":true}]}}