{"id":3743,"date":"2019-10-23T20:18:04","date_gmt":"2019-10-23T20:18:04","guid":{"rendered":"https:\/\/chileenunacaja.cl\/?post_type=product&#038;p=3743"},"modified":"2024-08-01T19:41:43","modified_gmt":"2024-08-01T19:41:43","slug":"bandeja-con-telar-en-caja-cod-exined046","status":"publish","type":"product","link":"https:\/\/chileenunacaja.cl\/inicio\/producto\/bandeja-con-telar-en-caja-cod-exined046\/","title":{"rendered":"Bandeja con telar en caja  COD: *EXINED046"},"content":{"rendered":"<p>Pr\u00e1ctica bandeja de madera con tejido a telar o vell\u00f3n natural con impresi\u00f3n de hojas o flores y vidrio.<\/p>\n<p>Medidas disponibles: 60*30 cm o 40*25 cm.<\/p>\n<p>Incluye grabado del logo.<\/p>\n<p>Presentacion en caja forrada negra y tarjeta de saludo.<\/p>\n<p>&nbsp;<\/p>\n","protected":false},"excerpt":{"rendered":"<p>Pr\u00e1ctica bandeja de madera con tejido a telar o vell\u00f3n natural con impresi\u00f3n de hojas o flores y vidrio.<\/p>\n<h6><strong>Precios en base a 1 unidad.<\/strong> Descuentos por 10, 30, 50, 100 unidades. Precios no incluyen IVA.\u00a0<em><a href=\"https:\/\/chileenunacaja.cl\/tabla-de-descuentos\/\"><strong>Ver<\/strong> <strong>tabla de descuentos.\u00a0<\/strong><\/a><\/em><\/h6>\n","protected":false},"featured_media":3744,"template":"","meta":{"_et_pb_use_builder":"","_et_pb_old_content":""},"class_list":["post-3743","product","type-product","status-publish","has-post-thumbnail","hentry","product_cat-ineditos","product_cat-ineditos-log","product_cat-madera"],"_links":{"self":[{"href":"https:\/\/chileenunacaja.cl\/inicio\/wp-json\/wp\/v2\/product\/3743","targetHints":{"allow":["GET"]}}],"collection":[{"href":"https:\/\/chileenunacaja.cl\/inicio\/wp-json\/wp\/v2\/product"}],"about":[{"href":"https:\/\/chileenunacaja.cl\/inicio\/wp-json\/wp\/v2\/types\/product"}],"wp:featuredmedia":[{"embeddable":true,"href":"https:\/\/chileenunacaja.cl\/inicio\/wp-json\/wp\/v2\/media\/3744"}],"wp:attachment":[{"href":"https:\/\/chileenunacaja.cl\/inicio\/wp-json\/wp\/v2\/media?parent=3743"}],"curies":[{"name":"wp","href":"https:\/\/api.w.org\/{rel}","templated":true}]}}