{"id":5489,"date":"2021-10-12T23:21:59","date_gmt":"2021-10-12T23:21:59","guid":{"rendered":"https:\/\/chileenunacaja.cl\/?post_type=product&#038;p=5489"},"modified":"2025-12-29T20:48:12","modified_gmt":"2025-12-29T20:48:12","slug":"tabla-dulce-mickelsen-con-logo-cod-cordul065","status":"publish","type":"product","link":"https:\/\/chileenunacaja.cl\/inicio\/producto\/tabla-dulce-mickelsen-con-logo-cod-cordul065\/","title":{"rendered":"Tabla dulce Mickelsen (con logo)   COD: *CORDUL065"},"content":{"rendered":"<p>Atractiva combinaci\u00f3n para compartir, bandeja de aperitivo con pocillo y cuchara confeccionados en raul\u00ed por artesanos de la Araucan\u00eda.<\/p>\n<p>Acompa\u00f1ado mermelada Mickelsen de 200 gr con az\u00facar\u00a0 puede elegir entre: ar\u00e1ndano, frambuesa, frutilla, durazno, damasco. Mermelada Mickelsen diet de durazno o damasco 170 gr. Miel Mickelsen de 200 gr.<\/p>\n<p>Fina presentaci\u00f3n en caja de cart\u00f3n forrado negro con cinta.<\/p>\n<p>Incluye logo grabado en el pocillo.<\/p>\n<p>Incluye tarjeta de saludo personalizado.<\/p>\n","protected":false},"excerpt":{"rendered":"<p>Bandeja de aperitivo con pocillo y cuchara y acompa\u00f1amientos.<\/p>\n<h6><strong>Precios en base a 30 unidades.<\/strong> Descuentos por 50, 100, 300 y 500 unidades. Precios no incluyen IVA.\u00a0<em><a href=\"https:\/\/chileenunacaja.cl\/tabla-de-descuentos\/\"><strong>Ver<\/strong> <strong>tabla de descuentos.\u00a0<\/strong><\/a><\/em><\/h6>\n<p>&nbsp;<\/p>\n","protected":false},"featured_media":5490,"template":"","meta":{"_et_pb_use_builder":"","_et_pb_old_content":""},"class_list":["post-5489","product","type-product","status-publish","has-post-thumbnail","hentry","product_cat-cumpleanos","product_cat-cumpleanos-log","product_cat-dias-especiales","product_cat-gourmet","product_cat-madera","product_cat-ofertas"],"_links":{"self":[{"href":"https:\/\/chileenunacaja.cl\/inicio\/wp-json\/wp\/v2\/product\/5489","targetHints":{"allow":["GET"]}}],"collection":[{"href":"https:\/\/chileenunacaja.cl\/inicio\/wp-json\/wp\/v2\/product"}],"about":[{"href":"https:\/\/chileenunacaja.cl\/inicio\/wp-json\/wp\/v2\/types\/product"}],"wp:featuredmedia":[{"embeddable":true,"href":"https:\/\/chileenunacaja.cl\/inicio\/wp-json\/wp\/v2\/media\/5490"}],"wp:attachment":[{"href":"https:\/\/chileenunacaja.cl\/inicio\/wp-json\/wp\/v2\/media?parent=5489"}],"curies":[{"name":"wp","href":"https:\/\/api.w.org\/{rel}","templated":true}]}}