{"id":5491,"date":"2021-10-12T23:37:40","date_gmt":"2021-10-12T23:37:40","guid":{"rendered":"https:\/\/chileenunacaja.cl\/?post_type=product&#038;p=5491"},"modified":"2025-12-29T20:47:57","modified_gmt":"2025-12-29T20:47:57","slug":"bandeja-gres-dos-pocillos-codcorcer038","status":"publish","type":"product","link":"https:\/\/chileenunacaja.cl\/inicio\/producto\/bandeja-gres-dos-pocillos-codcorcer038\/","title":{"rendered":"Bandeja gres dos pocillos COD:*CORCER038"},"content":{"rendered":"<p>Atractiva combinaci\u00f3n para compartir, bandeja de aperitivo con pocillo y cuchara confeccionados en raul\u00ed por artesanos de la Araucan\u00eda.<\/p>\n<p>Bandeja de gres medidas:\u00a0 22 * 13 cm con dos pocillos de gres de 8*5 cm . cada uno.<\/p>\n<p>Varios colores disponibles.<\/p>\n<p>Hecho a mano.<\/p>\n<p>Incluye logo de la empresa.<\/p>\n<p>Presentaci\u00f3n en caja negra forrada.<\/p>\n<p>Incluye tarjeta.<\/p>\n","protected":false},"excerpt":{"rendered":"<p>Bandeja gres con dos pocillos.<\/p>\n<h6><strong>Precios en base a 30 unidades.<\/strong> Descuentos por 50, 100, 300 y 500 unidades. Precios no incluyen IVA.\u00a0<em><a href=\"https:\/\/chileenunacaja.cl\/tabla-de-descuentos\/\"><strong>Ver<\/strong> <strong>tabla de descuentos.\u00a0<\/strong><\/a><\/em><\/h6>\n<p>&nbsp;<\/p>\n","protected":false},"featured_media":5492,"template":"","meta":{"_et_pb_use_builder":"","_et_pb_old_content":""},"class_list":["post-5491","product","type-product","status-publish","has-post-thumbnail","hentry","product_cat-ceramica","product_cat-dias-especiales"],"_links":{"self":[{"href":"https:\/\/chileenunacaja.cl\/inicio\/wp-json\/wp\/v2\/product\/5491","targetHints":{"allow":["GET"]}}],"collection":[{"href":"https:\/\/chileenunacaja.cl\/inicio\/wp-json\/wp\/v2\/product"}],"about":[{"href":"https:\/\/chileenunacaja.cl\/inicio\/wp-json\/wp\/v2\/types\/product"}],"wp:featuredmedia":[{"embeddable":true,"href":"https:\/\/chileenunacaja.cl\/inicio\/wp-json\/wp\/v2\/media\/5492"}],"wp:attachment":[{"href":"https:\/\/chileenunacaja.cl\/inicio\/wp-json\/wp\/v2\/media?parent=5491"}],"curies":[{"name":"wp","href":"https:\/\/api.w.org\/{rel}","templated":true}]}}