{"id":5873,"date":"2022-05-23T23:10:54","date_gmt":"2022-05-23T23:10:54","guid":{"rendered":"https:\/\/chileenunacaja.cl\/?post_type=product&#038;p=5873"},"modified":"2023-06-02T00:52:12","modified_gmt":"2023-06-02T00:52:12","slug":"tazon-de-vidrio-con-cafe-en-sachet-y-posavaso-cod-corvid036p","status":"publish","type":"product","link":"https:\/\/chileenunacaja.cl\/inicio\/producto\/tazon-de-vidrio-con-cafe-en-sachet-y-posavaso-cod-corvid036p\/","title":{"rendered":"Taz\u00f3n de vidrio con caf\u00e9 en sachet y posavaso COD: *CORVID036P"},"content":{"rendered":"<p>Taz\u00f3n de vidrio con logo de la empresa grabado, acompa\u00f1ado de cinco sachet de 2 grs de diferentes sabores. Caf\u00e9 ingl\u00e9s sin gluten, sin az\u00facar ni leche. Sabores disponibles: doble chocolate, chocolate naranja, almendra\u00a0 amaretto, vainilla, pan gengibre, cremoso caramelo o\u00a0 crema irlandesa.<\/p>\n<p>Con posavaso de madera con saludo\u00a0 o logo de la empresa.<\/p>\n<p>Presentado en caja troquelada negra.<\/p>\n<p>Incluye tarjeta de saludo.<\/p>\n","protected":false},"excerpt":{"rendered":"<div class=\"descripcion\">\n<p><b>Taz\u00f3n con caf\u00e9 y posavaso.<\/b><\/p>\n<\/div>\n<h6><strong>Precios en base a 30 unidades.<\/strong> Descuentos por 50, 100, 300 y 500 unidades. Precios no incluyen IVA.\u00a0<em><a href=\"https:\/\/chileenunacaja.cl\/tabla-de-descuentos\/\"><strong>Ver<\/strong> <strong>tabla de descuentos.\u00a0<\/strong><\/a><\/em><\/h6>\n","protected":false},"featured_media":5874,"template":"","meta":{"_et_pb_use_builder":"","_et_pb_old_content":""},"class_list":["post-5873","product","type-product","status-publish","has-post-thumbnail","hentry","product_cat-dias-especiales","product_cat-gourmet","product_cat-ofertas","product_cat-vidrio"],"_links":{"self":[{"href":"https:\/\/chileenunacaja.cl\/inicio\/wp-json\/wp\/v2\/product\/5873","targetHints":{"allow":["GET"]}}],"collection":[{"href":"https:\/\/chileenunacaja.cl\/inicio\/wp-json\/wp\/v2\/product"}],"about":[{"href":"https:\/\/chileenunacaja.cl\/inicio\/wp-json\/wp\/v2\/types\/product"}],"wp:featuredmedia":[{"embeddable":true,"href":"https:\/\/chileenunacaja.cl\/inicio\/wp-json\/wp\/v2\/media\/5874"}],"wp:attachment":[{"href":"https:\/\/chileenunacaja.cl\/inicio\/wp-json\/wp\/v2\/media?parent=5873"}],"curies":[{"name":"wp","href":"https:\/\/api.w.org\/{rel}","templated":true}]}}