{"id":6328,"date":"2023-02-10T22:38:20","date_gmt":"2023-02-10T22:38:20","guid":{"rendered":"https:\/\/chileenunacaja.cl\/?post_type=product&#038;p=6328"},"modified":"2024-05-13T23:48:44","modified_gmt":"2024-05-13T23:48:44","slug":"canastillo-corazon-cod-cormuj184","status":"publish","type":"product","link":"https:\/\/chileenunacaja.cl\/inicio\/producto\/canastillo-corazon-cod-cormuj184\/","title":{"rendered":"Canastillo coraz\u00f3n COD: *CORMUJ184"},"content":{"rendered":"<p>Pr\u00e1ctico canastillo de algod\u00f3n hecho por artesanas del sur, medidas 16*13*5 cm. Ideal para guardar cremas, pinturas, pulseras, anillos etc.<\/p>\n<p>Varios colores disponibles.<\/p>\n<p>Presentaci\u00f3n en bolsa de papel kraft.<\/p>\n","protected":false},"excerpt":{"rendered":"<div class=\"descripcion\">\n<p>Canastillo de algod\u00f3n forma de coraz\u00f3n diferentes colores.<\/p>\n<\/div>\n<h6><strong>Precios en base a 30 unidades.<\/strong> Descuentos por 50, 100, 300 y 500 unidades. Precios no incluyen IVA.\u00a0<em><a href=\"https:\/\/chileenunacaja.cl\/tabla-de-descuentos\/\"><strong>Ver<\/strong> <strong>tabla de descuentos.\u00a0<\/strong><\/a><\/em><\/h6>\n","protected":false},"featured_media":6481,"template":"","meta":{"_et_pb_use_builder":"","_et_pb_old_content":""},"class_list":["post-6328","product","type-product","status-publish","has-post-thumbnail","hentry","product_cat-mujer","product_cat-mujer-log"],"_links":{"self":[{"href":"https:\/\/chileenunacaja.cl\/inicio\/wp-json\/wp\/v2\/product\/6328","targetHints":{"allow":["GET"]}}],"collection":[{"href":"https:\/\/chileenunacaja.cl\/inicio\/wp-json\/wp\/v2\/product"}],"about":[{"href":"https:\/\/chileenunacaja.cl\/inicio\/wp-json\/wp\/v2\/types\/product"}],"wp:featuredmedia":[{"embeddable":true,"href":"https:\/\/chileenunacaja.cl\/inicio\/wp-json\/wp\/v2\/media\/6481"}],"wp:attachment":[{"href":"https:\/\/chileenunacaja.cl\/inicio\/wp-json\/wp\/v2\/media?parent=6328"}],"curies":[{"name":"wp","href":"https:\/\/api.w.org\/{rel}","templated":true}]}}